44.
2, 167, 1229
What are the prime factors of 1785543?
3, 595181
List the prime factors of 325531.
31, 10501
What are the prime factors of 16934294?
2, 13, 347, 1877
List the prime factors of 344753.
344753
What are the prime factors of 696175?
5, 27847
What are the prime factors of 62985?
3, 5, 13, 17, 19
List the prime factors of 2190383.
13, 168491
What are the prime factors of 1451236?
2, 41, 8849
What are the prime factors of 131554?
2, 65777
List the prime factors of 15696706.
2, 683, 11491
What are the prime factors of 1416648?
2, 3, 67, 881
What are the prime factors of 71470?
2, 5, 7, 1021
What are the prime factors of 154798?
2, 7, 11057
What are the prime factors of 1103776?
2, 17, 2029
What are the prime factors of 697710?
2, 3, 5, 13, 1789
List the prime factors of 1355990.
2, 5, 135599
List the prime factors of 3993620.
2, 5, 233, 857
What are the prime factors of 75139?
29, 2591
List the prime factors of 4656797.
4656797
List the prime factors of 370420.
2, 5, 18521
List the prime factors of 319428.
2, 3, 19, 467
List the prime factors of 3445219.
61, 56479
What are the prime factors of 8929?
8929
List the prime factors of 215017.
11, 1777
What are the prime factors of 2399386?
2, 11, 109063
What are the prime factors of 274523?
271, 1013
List the prime factors of 15023327.
11, 53, 73, 353
What are the prime factors of 1143503?
769, 1487
List the prime factors of 10413007.
11, 19, 49823
What are the prime factors of 588103?
149, 3947
List the prime factors of 337581.
3, 12503
List the prime factors of 1105747.
61, 18127
What are the prime factors of 41470?
2, 5, 11, 13, 29
List the prime factors of 3720846.
2, 3, 19, 127, 257
List the prime factors of 446227.
446227
List the prime factors of 883059.
3, 294353
What are the prime factors of 758937?
3, 252979
List the prime factors of 410577.
3, 136859
List the prime factors of 13882008.
2, 3, 7, 19, 4349
What are the prime factors of 40686804?
2, 3, 197, 5737
What are the prime factors of 2478221?
2478221
List the prime factors of 227194.
2, 11, 23, 449
List the prime factors of 111616.
2, 109
List the prime factors of 2069261.
2069261
What are the prime factors of 859144?
2, 11, 13, 751
List the prime factors of 2418875.
5, 37, 523
List the prime factors of 1268680.
2, 5, 7, 23, 197
List the prime factors of 246687.
3, 7, 17, 691
What are the prime factors of 70814?
2, 35407
What are the prime factors of 13218994?
2, 107, 223, 277
List the prime factors of 9925266.
2, 3, 13, 127247
List the prime factors of 318087.
3, 7, 11, 17
What are the prime factors of 354500?
2, 5, 709
List the prime factors of 2351657.
7, 11, 4363
List the prime factors of 60803.
41, 1483
List the prime factors of 315557.
11, 28687
List the prime factors of 303898.
2, 7, 443
What are the prime factors of 281809?
11, 17, 137
What are the prime factors of 621822?
2, 3, 37, 2801
List the prime factors of 5004402.
2, 3, 13, 83, 773
List the prime factors of 2574263.
53, 48571
What are the prime factors of 1129698?
2, 3, 62761
List the prime factors of 652618.
2, 326309
List the prime factors of 537408.
2, 3, 311
List the prime factors of 2808211.
7, 401173
List the prime factors of 13271559.
3, 7, 631979
List the prime factors of 118866.
2, 3, 11, 1801
List the prime factors of 513410.
2, 5, 51341
List the prime factors of 2748181.
31, 88651
What are the prime factors of 1990654?
2, 995327
What are the prime factors of 28106394?
2, 3, 29, 161531
What are the prime factors of 196063?
7, 37, 757
List the prime factors of 434380.
2, 5, 37, 587
List the prime factors of 273142.
2, 41, 3331
List the prime factors of 1746778.
2, 11, 79399
List the prime factors of 4311577.
4311577
List the prime factors of 1788369.
3, 11, 54193
What are the prime factors of 1362803?
13, 104831
List the prime factors of 289913.
13, 29, 769
What are the prime factors of 1355298?
2, 3, 7, 23, 61
What are the prime factors of 28676558?
2, 14338279
List the prime factors of 234571.
234571
List the prime factors of 3828265.
5, 7, 109379
What are the prime factors of 2468579?
2468579
What are the prime factors of 457291?
431, 1061
List the prime factors of 2264422.
2, 613, 1847
List the prime factors of 18205694.
2, 13, 61, 883
List the prime factors of 9843389.
127, 179, 433
What are the prime factors of 6981675?
3, 5, 93089
What are the prime factors of 10760261?
10760261
What are the prime factors of 815458?
2, 7, 53, 157
List the prime factors of 5059295.
5, 149, 6791
What are the prime factors of 1568825?
5, 62753
List the prime factors of 198888.
2, 3, 8287
List the prime factors of 22069.
29, 761
What are the prime factors of 9974624?
2, 11, 43, 659
What are the prime factors of 1727461?
19, 23, 59, 67
List the prime factors of 43077.
3, 83, 173
List the prime factors of 15684764.
2, 3921191
List the prime factors of 78805.
5, 15761
List the prime factors of 1458730.
2, 5, 7, 13, 229
List the prime factors of 212792.
2, 67, 397
List the prime factors of 2333159.
293, 7963
List the prime factors of 28126699.
28126699
What are the prime factors of 2445934?
2, 1222967
List the prime factors of 480543.
3, 7, 467
List the prime factors of 475995.
3, 5, 13, 2441
What are the prime factors of 10203616?
2, 318863
What are the prime factors of 2652356?
2, 7, 94727
List the prime factors of 1960070.
2, 5, 7, 28001
What are the prime factors of 1252039?
59, 21221
List the prime factors of 720774.
2, 3, 23, 1741
List the prime factors of 382530.
2, 3, 5, 41, 311
List the prime factors of 12667536.
2, 3, 7, 59, 71
List the prime factors of 159562.
2, 13, 17, 19
What are the prime factors of 536793?
3, 178931
List the prime factors of 7035157.
269, 26153
What are the prime factors of 623623?
7, 11, 13, 89
What are the prime factors of 201243?
3, 7, 37
What are the prime factors of 317728?
2, 9929
What are the prime factors of 9322092?
2, 3, 13, 19919
What are the prime factors of 60397?
60397
List the prime factors of 4012433.
1259, 3187
List the prime factors of 3048213.
3, 7, 23, 6311
What are the prime factors of 12029548?
2, 29, 103703
What are the prime factors of 967825?
5, 38713
List the prime factors of 11414272.
2, 44587
List the prime factors of 852679.
23, 131, 283
List the prime factors of 18104320.
2, 5, 13, 17
What are the prime factors of 4893389?
4893389
What are the prime factors of 751022?
2, 375511
List the prime factors of 44281.
44281
What are the prime factors of 2286526?
2, 11, 37, 53
List the prime factors of 356770.
2, 5, 35677
List the prime factors of 6039659.
6039659
What are the prime factors of 640138?
2, 101, 3169
What are the prime factors of 4220938?
2, 2110469
What are the prime factors of 5888098?
2, 101, 103, 283
List the prime factors of 364378.
2, 7, 17, 1531
List the prime factors of 206962.
2, 7, 14783
What are the prime factors of 441414?
2, 3, 137, 179
What are the prime factors of 527162?
2, 29, 61, 149
List the prime factors of 1200884.
2, 300221
List the prime factors of 8266623.
3, 2755541
List the prime factors of 10902816.
2, 3, 12619
List the prime factors of 1745906.
2, 872953
List the prime factors of 6632421.
3, 727, 3041
What are the prime factors of 159448?
2, 19, 1049
List the prime factors of 31689519.
3, 73, 144701
List the prime factors of 3340.
2, 5, 167
List the prime factors of 253354.
2, 131, 967
List the prime factors of 125339.
125339
What are the prime factors of 11374300?
2, 5, 7, 16249
What are the prime factors of 385683?
3, 59, 2179
What are the prime factors of 23362980?
2, 3, 5, 29, 463
List the prime factors of 2170143.
3, 241127
What are the prime factors of 277284?
2, 3, 7, 3301
List the prime factors of 69302.
2, 34651
What are the prime factors of 36488?
2, 4561
What are the prime factors of 60556?
2, 15139
What are the prime factors of 17142?
2, 3, 2857
What are the prime factors of 531006?
2, 3, 7, 47, 269
What are the prime factors of 285459?
3, 95153
List the prime factors of 1953946.
2, 17, 101, 569
What are the prime factors of 662735?
5, 132547
List the prime factors of 2907659.
823, 3533
List the prime factors of 5313065.
5, 19, 55927
What are the prime factors of 27713464?
2, 3464183
List the prime factors of 3208.
2, 401
What are the prime factors of 16788